Let l = c + m. List the prime factors of l.
2, 37
Suppose -5*c + 3860 = 1200. Let n = c - 296. List the prime factors of n.
2, 59
Let a be (-9)/15*(-7 - -2). Let s = 8 + -8. Suppose -2*f - 5*m = -s*f - 78, -a*m = f - 40. List the prime factors of f.
2, 17
Suppose 16*t = 18*t - 4*n + 314, 628 = -4*t - 2*n. Let s = 461 - t. What are the prime factors of s?
2, 3, 103
Suppose -3*u - 1293 = -1305. Suppose -6*z = -z + 2*i - 1922, u*z - 1564 = 5*i. List the prime factors of z.
2, 193
Let f = -511 + 391. Suppose 8*z + 390 = 3*z. Let v = z - f. What are the prime factors of v?
2, 3, 7
Suppose -14*r + 184784 = 3*v, -4*v + 84345 = 4*r + 31537. List the prime factors of r.
2, 6599
Let o(y) = -122*y + 24. Let t be o(-14). Suppose -9*k = -t + 580. What are the prime factors of k?
2
Let q = -21 + 24. Suppose k + 310 = q*t, -5*t - 2*k + 237 = -287. Let f = t + -52. What are the prime factors of f?
2, 13
Let q be 3/(-7) + 364/49. Suppose 184 = q*k - 103. List the prime factors of k.
41
Let p be 4/8*(1 - 1). Let k(j) = 29*j**2 - 16*j - 131. Let c(m) = 13*m**2 - 7*m - 66. Let t(s) = -9*c(s) + 4*k(s). List the prime factors of t(p).
2, 5, 7
Suppose 5*a - 28118 = -4*s, -2*a + 4*s - 11240 = -4*a. What are the prime factors of a?
2, 29, 97
Let q = -214 - -303. Let f(v) = -26*v**3 - q + 85 + 3*v**3 - 2*v**2 - v. List the prime factors of f(-2).
2, 3, 29
Let r be 2688/36 + 4/(-6). Let d = r + -65. Let c = 36 - d. What are the prime factors of c?
3
Let a(m) be the second derivative of 18*m + 6*m**2 - 5/12*m**4 + 0 - 1/20*m**5 + m**3. List the prime factors of a(-6).
2, 3
Suppose -3*j - 2709 = -4*f, 146 = -j - 3*f - 770. Let c = -557 - j. What are the prime factors of c?
2, 5, 7
Suppose -8*k - 7 + 39 = 0. Suppose 171 + 641 = k*x - 4*i, -5*x + i + 1019 = 0. List the prime factors of x.
2, 3, 17
Let t be (5/2 - 1)/(60/160). Suppose 3*m = t*x + 950, -3*m = -0*x + 4*x - 958. List the prime factors of m.
2, 3, 53
Let u = 33988 - 23951. What are the prime factors of u?
10037
Let x(t) = -2*t**2 + 2 + 2 - 4 - 22*t - 4. Suppose -5*c = -o + 76 - 61, -3*o - 2*c = 23. What are the prime factors of x(o)?
2, 7
Suppose 15*s + 4*d = 12*s + 12699, -2*s + 8432 = -3*d. List the prime factors of s.
5, 13
Let l = -937 - -2295. What are the prime factors of l + 0 + 5 + -6 + 1?
2, 7, 97
Let v = 0 + -8. Let p(w) be the second derivative of w**5/20 + 3*w**4/4 - 3*w**3/2 - 27*w**2/2 - 156*w. What are the prime factors of p(v)?
109
Let k be (-3)/(-2) + 2268/(-56). Let h = k - -239. What are the prime factors of h?
2, 5
Let w(g) = -450*g + 9. Let m be w(-2). Let a = m + -471. Suppose 4*u + 2*u = a. What are the prime factors of u?
73
Let f = -6811 - -28517. List the prime factors of f.
2, 10853
Suppose -3*g + 3*s = 99, -4*g - 5*s - 91 = 32. Let z = 38 + g. Suppose -z*a = -13*a + 1113. List the prime factors of a.
3, 53
Let j(f) = 10*f**3 + 5*f**2 - 131*f - 17. List the prime factors of j(8).
5, 7
Suppose -2*m = -261 + 267. List the prime factors of m/((-563)/(-283) - 2).
283
Let u = 46387 + -16739. What are the prime factors of u?
2, 17, 109
Let y(s) = -223*s - 23. Let b(o) = -222*o - 24. Let f(x) = 4*b(x) - 3*y(x). List the prime factors of f(-2).
3, 137
Let n(o) = o**3 + 25*o**2 - 31*o - 43. Suppose 0 = -58*u + 61*u + 78. Let l be n(u). Let q = 161 - l. What are the prime factors of q?
2, 37
Let k = -152 - -152. Suppose 6*w - 2*p = 2*w + 706, k = -p + 3. What are the prime factors of w?
2, 89
List the prime factors of 2 + 305*15 + 16/(176/(-33)).
2, 2287
Let r(y) = 12309*y + 6337. What are the prime factors of r(4)?
7, 17, 467
Suppose 1375 = u + g, u + 2*u - 3*g = 4143. Let k = u + -233. List the prime factors of k.
5, 229
Let b be (-6)/14 - 152/(-28). Suppose 15 = b*p - 35. What are the prime factors of p*55/10 + -4?
3, 17
Suppose 57*j + 55*j + 41*j - 946458 = 0. List the prime factors of j.
2, 3, 1031
Let i = 22073 + -7623. List the prime factors of i.
2, 5, 17
Let l = 3509 - 301. List the prime factors of l.
2, 401
Suppose 0 = -4*x + 3*x + 21. Let z = x - -12. Suppose -z - 562 = -5*p. What are the prime factors of p?
7, 17
Let o(i) = -17*i + 15. Let f be o(-5). Let q = f - 64. Suppose 0 = -4*g + 5*l + 71, 0*l - 2*l - q = -2*g. What are the prime factors of g?
19
Let j be 3/(-7) + 2805/(-119). Let h be 1772/j + (-2)/12. Let d = -22 - h. What are the prime factors of d?
2, 13
Suppose 2 = -3*a + 74. Let c = -11 + a. Let w = -7 + c. List the prime factors of w.
2, 3
List the prime factors of (-30 - -28)/(-2*(-1)/(-24)).
2, 3
Suppose -2 + 18 = -r. Let h(t) = -t**3 - 15*t**2 - 2*t - 34. What are the prime factors of h(r)?
2, 127
Suppose 364825 + 431551 = 75*h - 2931349. List the prime factors of h.
23, 2161
Let b(m) = -m + 28. Let k be b(-17). Let u(s) = -48 + 5*s**2 + k + 13*s**2. What are the prime factors of u(3)?
3, 53
Let n be 216/180*17895/6. Let s = n + -1933. What are the prime factors of s?
2, 823
Let u(x) = 175*x - 55. Let h be u(3). Let d = h - 118. List the prime factors of d.
2, 11
Let g be 9/4 - 7/28. Suppose g*q - 137 = -27. Let o = 111 - q. What are the prime factors of o?
2, 7
Let x(u) = 2*u - 17. Let b be x(9). Let r(q) = -q**2 - 2*q + 2. Let o be r(b). Let w(p) = -160*p**3 + 2*p**2 + p. List the prime factors of w(o).
7, 23
Suppose 5*t = 6*t - 5*u - 8991, -3*u = t - 8967. Suppose -s = -35*s + t. List the prime factors of s.
2, 3, 11
Let f(g) = 544*g**2 + 5*g + 7. Let r(b) = -545*b**2 - 3*b - 5. Let o(x) = -2*f(x) - 3*r(x). What are the prime factors of o(-1)?
3, 61
Suppose -82 = 4*p - 102. Suppose 4*k = -2*d + d + 2339, -k + p*d = -611. What are the prime factors of k?
2, 293
Suppose -117*g + 6228216 = 92*g - 137*g. What are the prime factors of g?
23, 3761
Let a be ((-1)/(-4))/(46/1840). Suppose a*h - 1347 = -2*y + 7*h, -5*y + 3430 = -5*h. List the prime factors of y.
3, 227
Let b = -33 + 33. Suppose 56 = c + 3*c - 2*m, b = 2*c + m - 20. List the prime factors of 3/c + (-966)/(-8).
11
Suppose -9 = 3*j, -r - r + 10 = -2*j. Suppose -r*b = -5*a + 2*b + 28, -2*b = -4*a + 20. Suppose a*t + t - 365 = 0. List the prime factors of t.
73
Let c = -597 + 329. Let u = c + 519. List the prime factors of u.
251
Let p be (-1 + -1)*(-399)/(-14). List the prime factors of 5/((-190)/4) - 18588/p.
2, 163
Suppose -4*f - 56 - 145 = -x, -2*x + 354 = 4*f. Suppose 0 = -x*a + 202*a - 14722. List the prime factors of a.
2, 433
Let b(h) be the first derivative of h**4/4 - 38*h**3/3 - 21*h**2/2 - 85*h - 50. What are the prime factors of b(39)?
617
Let j = 137 - 184. Let s = -300 + 493. Let n = s + j. List the prime factors of n.
2, 73
Suppose 5*y + w - 27840 = 0, 18*w - 5544 = -y + 13*w. List the prime factors of y.
5569
Let q be 13 + (-1)/(0 - 1/(-2)). Let n = q - 8. Suppose 1 = -x, -n*g + 8*g - 610 = -5*x. What are the prime factors of g?
3, 41
Suppose -4*q + 2*q = -5*d - 144, 3*q - 146 = 5*d. Let z = -23 - d. Suppose -z*n - 27 = -o - 2*n, o + 4*n - 48 = 0. What are the prime factors of o?
2, 3
What are the prime factors of 3 + (-17 - (-2295)/68)/(1/1444)?
2, 5, 41, 59
Suppose -17*s + 222*s - 3685900 = 0. What are the prime factors of s?
2, 5, 29, 31
Suppose -8*h - 67 = -11. Let s(j) = -74*j - 97. List the prime factors of s(h).
421
Let l(m) = 37*m - 158. Let x(a) = -40*a + 159. Let o(u) = 3*l(u) + 4*x(u). List the prime factors of o(-14).
2, 53
Let a(w) = -w**2 - 4*w + 14. Let c be a(-4). What are the prime factors of 5332/c - (-1)/7?
3, 127
Let v(i) = -2*i**3 - 26*i**2 + 16*i - 8. Let r be v(-14). Let p = 4 + -2. Suppose -k + p*s = -79, 2*s - r = -2*k + 5*s. List the prime factors of k.
83
Suppose -76*q + 44409 = -71*q - 4406. List the prime factors of q.
13, 751
Let x be 222/(-148)*(1 - 13/3). Let k(g) = 2*g**3 - 7*g**2 + 2*g - 2. List the prime factors of k(x).
83
Let i(z) = -435*z + 111. Let t be i(-3). Suppose -13*o + 18*o - 20 = 0, o = -g + t. What are the prime factors of g?
2, 353
List the prime factors of (-276)/(-345) - 36132/(-10).
2, 13, 139
Let b be (-1)/2 + (-20)/(-8). Let i be (b - (0 - -2))/(-1). What are the prime factors of 1 + -3 + 32 + i?
2, 3, 5
Let t(d) = -2*d**2 - 18*d - 8. Let u be t(-8). Let s be ((-2)/(-3))/(u/24). Suppose -4*l = -s*m + 90, 2*m - 49 - 51 = -l. List the prime factors of m.
7
Let k be 1143/63 + (-1)/7. Let n be (k/8 + 0)*116/87. Suppose 5*c - 850 = -5*v, -v 